= 1 + w. Calculate the remainder when 13 is divided by z.
3
Let g(v) = -37*v + 14. Let i(t) = 12*t - 5. Let q(f) = 4*g(f) + 11*i(f). What is the remainder when q(-1) is divided by 5?
2
What is the remainder when 113 is divided by (-182)/(-5) + ((-2)/5)/1?
5
Let d(o) = -2*o**3 - 12*o**2 + 12*o - 9. Calculate the remainder when 14 is divided by d(-7).
4
Let q = 77 - 38. What is the remainder when 31 is divided by q/6*2 + -2?
9
Suppose -2*w + 114 = z + 4*z, 5*w + 39 = z. What is the remainder when 165 is divided by z?
21
Suppose 1 - 11 = -5*g. Calculate the remainder when 8 is divided by g.
0
Calculate the remainder when (-2)/(-10) + 387/15 is divided by 14.
12
Suppose -44 = -5*f + f. Calculate the remainder when 76 is divided by f.
10
Let u = 64 + -45. Suppose -5*p = -5*i - 155, -2*p + 190 = 3*p + 2*i. Calculate the remainder when p is divided by u.
17
Calculate the remainder when 308/6 - (-5)/(-15) is divided by 9.
6
Suppose 5*a = 2*t + 7 + 7, -4*t + 28 = 4*a. Suppose -t*v + 71 = -2*v. Suppose v = z + 4*g, g + 102 = 2*z - g. What is the remainder when z is divided by 19?
17
Suppose 5*p + 2*k = 107, 3*p - 4*p + 16 = -5*k. Let u = 4 + 4. What is the remainder when p is divided by u?
5
Let l(v) = -81*v**2 - 4*v. Let g(w) = 20*w**2 + w. Let a(s) = 9*g(s) + 2*l(s). What is the remainder when 32 is divided by a(-1)?
15
Let v = 46 - 27. Suppose -4*j + 53 = 5*u, 5*u = 3*j + 4*u - 16. What is the remainder when v is divided by j?
5
Let t = 27 + -7. Suppose -5*w + 2*w - 4*g = -5, 39 = 5*w - g. What is the remainder when t is divided by w?
6
Let f = -22 + 25. What is the remainder when 11 is divided by f?
2
Let m(f) = -f**2 - 6*f - 3. Let b be m(-5). Let l(d) = d - 2 + d + 14*d**2 + 3 - b. Calculate the remainder when l(1) is divided by 6.
3
What is the remainder when (171*4)/6 + 2 is divided by 12?
8
Let a(o) = 11*o - 3 - 3*o + 2*o**2 - 3*o**2. Let k = -4 - -6. Calculate the remainder when a(7) is divided by k.
0
Let o be (-26)/(-4) + (-4)/8. Let l be -1 + 2/(-4)*-2. Suppose d - a + o*a - 51 = l, -23 = -d + 2*a. Calculate the remainder when d is divided by 16.
15
Calculate the remainder when 62 is divided by (-8 + 5)/((-6)/32).
14
Suppose -445 = -5*t - 0*t. What is the remainder when t is divided by (0/5 + (-90)/(-3))/1?
29
Suppose -8*v = -5*v - 69. Let u = v - 17. Calculate the remainder when (-51)/(-1)*(-1)/(-3) is divided by u.
5
Let t(a) = -a**3 + 5*a**2 - 2*a + 1. What is the remainder when ((-51)/2)/(-3)*4 is divided by t(4)?
7
Calculate the remainder when 3*(-217 - 1)*7/(-42) is divided by 22.
21
Let s(q) = 13*q**2 + 2*q - 1. Let f be s(2). Suppose -3*t - f = -8*t. Calculate the remainder when 21 is divided by t.
10
What is the remainder when 10*((-4)/(-6) + 56/6) is divided by 17?
15
Suppose 2*j - 3*j + 3*p + 7 = 0, -5*j = -5*p - 45. Suppose 3*n + 52 = 136. What is the remainder when n is divided by j?
8
Let d = 10 + 1. Let y = d - 4. Let r = 12 - 10. What is the remainder when y is divided by r?
1
Suppose -4*j = t - 9, 0 = 4*j - 9 + 1. Let w(d) = d**2 + 5*d. Calculate the remainder when (-165)/(-6) + t/(-2) is divided by w(-7).
13
Let l(k) be the first derivative of -1/2*k**2 + 1 + 0*k. Calculate the remainder when 5 is divided by l(-2).
1
Calculate the remainder when (-3120)/(-91) - (-2)/(-7) is divided by 12.
10
Suppose -2*q = -0*a - a - 19, -32 = -3*q - 2*a. Calculate the remainder when 19 is divided by q.
9
Suppose 4*u = 2*z - 208, -2*z + z - 3*u = -114. What is the remainder when z is divided by 29?
21
Suppose -c + 7*j = 2*j - 43, -2*c - 4*j + 16 = 0. Suppose d - 211 = -4*i, 0 = 4*i - 2*i + d - 107. Calculate the remainder when i is divided by c.
16
Suppose -6 = v + 4*i, 3*v - 3*i - 3 = 9. Suppose 2*u - 176 = -v*u - 3*n, 4*n - 180 = -4*u. What is the remainder when u is divided by 21?
20
Suppose -19 - 36 = -5*d. What is the remainder when d is divided by 3?
2
Let l be 6/15 - (-244)/(-10). Let a = l + 62. Calculate the remainder when a is divided by 20.
18
Let q be 1*2/(-6)*15. Let l = 11 + q. Suppose 0*b + b - 3 = u, 24 = 5*b + 4*u. What is the remainder when l is divided by b?
2
Let z be 4/14 - 2/7. What is the remainder when 6/9 - 16/(-3) is divided by -4*(0 + (-1 - z))?
2
Let c = 58 - 32. Suppose 5*u - c = 24. What is the remainder when u is divided by 4?
2
Suppose d + 23 = 5*o, -3*o - 2*o + 20 = 0. Let i = d + 6. Calculate the remainder when 15 is divided by i.
0
Let r = -3 - -2. Let d be (r/(-1))/((-1)/(-30)). Suppose -d = 2*c + m - 93, c + m = 31. What is the remainder when c is divided by 17?
15
Let v = -53 + 78. Calculate the remainder when v is divided by 8.
1
Suppose 32 = 2*v + 5*b, 4*v - 4*b - 3 = 33. Let x be 0*2/((-4)/(-2)). Suppose x = -5*g + 62 + 38. What is the remainder when g is divided by v?
9
Let a be (-444)/8*8/6. Calculate the remainder when a/(-10)*(-1 - -6) is divided by 13.
11
Let h = -32 - -88. What is the remainder when 333 is divided by h?
53
Suppose 3*t + 4*k + 26 = 4*t, 0 = -2*t + 4*k + 36. Let f be 4/16 - 11/(-4). What is the remainder when t is divided by (-1)/f - 13/(-3)?
2
Let u(i) = -i + 4. Suppose 0 = q + 3*q - 8. Let o be 12/18 + q/(-3). What is the remainder when 11 is divided by u(o)?
3
Let m(q) = q**3 - 9*q**2 + 11*q - 19. What is the remainder when 8 is divided by m(8)?
3
Calculate the remainder when 164 is divided by 3/9*-3 - -2 - -55.
52
What is the remainder when 62 is divided by (((-595)/20)/(-7))/(1/4)?
11
Let m be 2/(-4) - (-155)/(-10). Suppose 4*p + 54 = 3*f - 25, 153 = 5*f + 4*p. Calculate the remainder when f is divided by (-2)/(-2) + (-2 - m).
14
Suppose 2 = -p - r, -4*p + r = -4*r - 28. Suppose 0 = u - p - 5. What is the remainder when 25 is divided by u?
4
Suppose 5*h = 2*h. Let z be 2*3/((-24)/20). Let r = h - z. What is the remainder when 18 is divided by r?
3
Suppose -2*b + 2*y - 182 = -6*b, 5*b - 221 = 4*y. What is the remainder when b is divided by 16?
13
Let c(n) = -n**2 + 8*n + 3. Let r(z) = 10*z. Let j be r(-6). Let w = -32 - j. What is the remainder when w is divided by c(7)?
8
Suppose 4*y - 20 = -l, -2*y - 170 = -7*l + 3*l. Suppose 0 = -2*n - 0*n + l. Let i = -2 + 9. What is the remainder when n is divided by i?
6
Let h(t) = -t**2 - 4*t + 3. Suppose 3*n - 18 = -3*i, 0*n = -n - 2*i + 10. Let k be h(n). What is the remainder when 44 is divided by (-30)/9*k/2?
14
Let v be -7 - -4 - (-4 - 1). Let o = v - -13. What is the remainder when 59 is divided by o?
14
Suppose 0 = -4*p + 5*m + 183, -2*p - 2*m - m = -75. What is the remainder when p is divided by 7/28 - 43/(-4)?
9
Suppose -4 = -5*n + 21. Suppose 0 = 3*q - 3 - 3. Calculate the remainder when n is divided by q.
1
Suppose 0*n = -4*n. Let c(t) = t**2 + t + 1. Let q be c(n). Calculate the remainder when 40 is divided by 14*(q + 1 + -1).
12
Suppose 0 = 2*f - 2*c - 14, -5 = 4*f + 5*c - 15. Suppose p - a + 24 = 0, -f*a + 87 - 27 = -2*p. Let y = -3 - p. Calculate the remainder when 50 is divided by y.
16
Suppose -5*q + 5*j + 112 = j, 3*j + 49 = 2*q. What is the remainder when 57 is divided by q?
17
Suppose -11*o + 12*o = 168. Suppose 2*r = -4*r + o. What is the remainder when 111 is divided by r?
27
Let u(v) = v + 8. Let p be (-6)/(-4)*12/9. What is the remainder when 108/5 - p/(-5) is divided by u(0)?
6
Let q(u) = 9*u - 1. Let t(h) = -10*h + 1. Let d(n) = 5*q(n) + 4*t(n). What is the remainder when 34 is divided by d(2)?
7
Let b = 5 + -5. Suppose p + 0*p - 13 = b. Calculate the remainder when 24 is divided by p.
11
Suppose j + 21 = -a - 4*j, -5*a + 4*j = 18. Let z = a - -4. Let l = 7 + z. Calculate the remainder when 8 is divided by l.
3
Suppose 3*a = -2*t + 25, -4*t + 31 = 5*a - 20. Suppose 0*f = -3*f. Let h = f + 8. Calculate the remainder when t is divided by h.
6
Let c = 52 + -44. What is the remainder when 31 is divided by c?
7
What is the remainder when 30 is divided by (-45)/(-18)*44/10?
8
Calculate the remainder when 94 is divided by (-50)/425 - (-1092)/34.
30
Let j(u) = -u**2 - 4*u. Let a be j(-4). Suppose a*s + 6 = 3*s. What is the remainder when 2 is divided by s?
0
Let l(p) = 3*p - 3. Let k be l(2). Suppose -k*u = -4*x - 49 - 26, 0 = -5*x - 15. Calculate the remainder when u is divided by 12.
9
Let a(x) = 7*x**3 - x**2. Let q = -10 - -11. Suppose -4*f + 5*s - 15 = -75, 54 = 5*f - s. What is the remainder when f is divi